-19 + 14 + -1 + 2.
-4
What is (0 - -3 - 7) + 10 + -1?
5
-2 + (-2 - 1) + (0 - -3)
-2
What is 0 - ((3 - -1) + -1)?
-3
Calculate 6 + 8 + (-4 - 6).
4
5 - 1 - (4 + 4 + -1)
-3
Calculate (-2 + -1 - 1) + (1 - 2).
-5
Evaluate 3 + (-4 - -5) - 4.
0
Evaluate -3 + (5 + -12 - -5).
-5
8 + (-10 - (-11 - -8))
1
Evaluate -3 - (-3 - 0 - (4 - 2)).
2
-3 - (2 + (2 - (-4 + 5)))
-6
What is the value of -3 - (-6 + 10 + -7 + 0)?
0
-5 + (1 - 1 - (3 - 4))
-4
Calculate -6 - ((0 - -5) + -6).
-5
What is the value of (6 - 4 - 2) + -4?
-4
Calculate -3 + 7 + 5 + -4.
5
0 + -5 + 12 - 5
2
Evaluate (13 + -6 - 14) + 12.
5
Calculate 1 - 5 - (73 - 77).
0
Calculate 10 + (-1 - (22 + -8)).
-5
Evaluate (0 - -6) + (1 + 2 - 5).
4
What is the value of (13 - 5) + -4 - (2 - 0)?
2
6 + (-12 - -6) + 0
0
What is the value of -1 + -1 - (1 + -2 + 2)?
-3
Calculate -3 - -1 - ((-5 - -2) + 1).
0
What is -9 + (4 - -2) + -2?
-5
What is 3 + -1 + 2 + 1?
5
Calculate 85 - 71 - (18 - 2).
-2
Evaluate 5 - (3 + 0 + -3).
5
Calculate 1 + (2 + (-1 - 6) - -9).
5
Calculate -4 + 3 + (-4 - -2) + 1.
-2
Calculate -8 - (5 - (-7 + 18)).
-2
Evaluate 7 - -1 - (-5 - (-4 - 2)).
7
-12 + 11 + -3 + 2
-2
Evaluate 6 + -3 + -2 + -5.
-4
What is (3 - 2) + (-1 - (3 - 3))?
0
-24 + 21 - (-2 - -1)
-2
Calculate 3 + 1 + -3 + 1 + -7.
-5
Evaluate -28 + 27 + (-1 + 0 - -3).
1
6 + -2 + 6 + -10
0
What is the value of -27 + -2 + 20 + (5 - 0)?
-4
Calculate 2 + -8 - (6 + -14 + 5).
-3
-8 - -5 - 1 - -3
-1
What is 5 + 1 + 6 + -6 - -2?
8
What is the value of -6 + (-9 - -2 - -12)?
-1
What is 8 - (2 - 2 - (-7 + 1))?
2
Evaluate (14 + -12 - 5) + -2 + -3.
-8
(-11 - -5) + 1 - (-3 + 1)
-3
What is the value of 1 + 1 + -4 + 1 - 4?
-5
-2 + 24 + -9 - (13 + -6)
6
What is 2 + 5 + -4 + 2?
5
What is -2 - ((-5 - 4) + 2)?
5
-10 - (-13 + 3 + 4)
-4
What is -12 + 0 - (21 - 30)?
-3
3 + (-4 - 3) - -5
1
Evaluate 0 - (-12 - -15) - 2.
-5
What is -9 + -1 + 9 + 10 + -4?
5
Calculate (0 + 2 - 6) + (-63 - -58).
-9
What is -14 + 17 + -4 + 2 - -4?
5
Evaluate 0 + (2 - 2 - -3) + -7.
-4
What is the value of ((-1 - -4) + -6 - -9) + -12?
-6
What is 9 + -2 + 1 + (-3 - 1)?
4
What is the value of (3 - 1) + (6 - (7 + 1))?
0
Evaluate (-1 - -10) + 2 + -3 - 2.
6
Evaluate 3 - (-9 + 8 - 1).
5
What is the value of (-2 - 1) + 1 + 2?
0
Evaluate -5 + (7 - (5 + -5)).
2
Calculate -7 - (-11 + -1 + 0).
5
6 + -1 + (2 - 12)
-5
What is 12 - (0 + 1) - (18 + -13)?
6
Calculate -5 + (5 - -5) - 8.
-3
Evaluate -3 + 5 + 0 - (-5 + 6).
1
Calculate (16 + -7 - 17) + 7.
-1
-3 + (0 - -2) + (15 - 11)
3
Calculate (-9 - 1) + 103 + -100.
-7
(4 - -1) + 1 + -11
-5
Calculate 7 + (3 - 8) + -1.
1
What is 5 - (1 + (1 - (9 - 4)))?
8
What is the value of -2 + (5 - 3) - (0 + -3)?
3
What is the value of -2 + 1 + 12 + -8?
3
Calculate -8 - (1 + 1) - -18.
8
What is 1 + 1 + 3 + (0 - -3)?
8
What is the value of 7 + 0 + -5 + 3?
5
0 - (6 + (-3 - -1))
-4
Evaluate -2 + 5 - (-6 + 7 + -2).
4
1 + (6 - -1) + -3
5
What is (-4 - (5 - 2)) + 4 + 0?
-3
-2 + 2 + (14 - 4)
10
Evaluate 2 - (0 - (-4 - -4)) - 5.
-3
What is 18 - 12 - (0 - 0)?
6
What is 7 + (0 - (12 - 5))?
0
What is ((6 - -2) + -6 - 4) + 1?
-1
What is the value of 0 + 1 + 6 + -7 - 5?
-5
-3 - (-3 + (5 - 9))
4
Evaluate 5 + -6 + (0 - -2) + -4.
-3
Evaluate (-48 - -40) + 1 + -2 + 2.
-7
-7 + -1 + 43 + -31
4
(15 - 12) + -8 + 2
-3
-6 + 4 + 2 + 3
3
Calculate 7 - 1 - (17 - 13) - -1.
3
Evaluate 1 - ((-2 - -1) + -6 + 3).
5
Calculate 2 - (-3 + -3 + 13 + -6).
1
Calculate 10 + -10 + -2 + 6.
4
What is (4 - 8 - 3) + 2?
-5
-1 + 3 - (3 + -3 + 2)
0
What is -5 + 6 + -6 + 8?
3
Calculate -6 + (-1 - 0) + 3.
-4
What is -5 + 4 + (-3 - -8)?
4
(10 - 4) + -3 + -5
-2
What is the value of -1 + (-2 - (-5 + 6 + 1))?
-5
What is the value of 7 + (-8 - (-1 + 9 + -4))?
-5
Evaluate (2 - -4) + -11 - (-4 - -1).
-2
What is (4 - 5 - 0) + 1 - 3?
-3
Calculate (5 - 0) + (-2 - (3 - 5)).
5
Evaluate -3 + 11 - 2 - (3 + -7).
10
Evaluate -10 - -10 - (5 - 6) - 9.
-8
-1 + (-2 - (-10 - -7))
0
What is 1 - 1 - 2 - (-8 - -9)?
-3
What is the value of -14 - (2 + -7 + -5)?
-4
Evaluate -1 + -3 + -5 + 9.
0
What is 4 + (-5 - (-8 + -2) - 3)?
6
What is the value of 8 - ((3 - -1 - 11) + 9)?
6
-4 + (0 - (-4 + 8)) + 8
0
3 + 1 - (-1 + 4)
1
Evaluate 7 + -5 - (27 - 27).
2
What is the value of -6 + 2 + 2 + 0?
-2
What is the value of -7 + -7 + 5 - (0 - 5)?
-4
What is the value of -2 - -4 - (2 - (-6 + 3))?
-3
What is 12 + -20 + (1 - 1) + 3?
-5
What is the value of 6 - 15 - 0 - -4?
-5
What is -7 - -4 - (2 - (-2 + 6))?
-1
1 + 2 + -6 + 5
2
What is (14 - (5 - -12)) + -4?
-7
0 - (-5 + -1 + 3 + 1)
2
Calculate -1 - 2 - (-2 - (3 - 3)).
-1
-77 + 78 - (-1 + 0 + -2)
4
What is the value of -1 - ((-2 - -4) + -3)?
0
Evaluate (-1 - 3) + (-55 - -63).
4
Evaluate (5 - 1) + (-9 + 14 - 9).
0
What is 10 + -5 - (0 + 3 + 9)?
-7
What is -2 - (-3 - 5) - (4 + -2)?
4
4 - 2 - (1 - -2 - 3)
2
Calculate -2 + 3 + 6 + -3.
4
-2 + -7 + 7 + -3
-5
What is the value of 5 + 0 + 1 + -1 + -2?
3
Calculate 2 - (-6 + (-2 - (-2 - 4))).
4
What is the value of (1 - (3 + 2)) + 5 + 0?
1
-2 + (-1 - -2) - (16 - 15)
-2
What is -23 + 27 + (-2 - -7)?
9
Calculate -4 - -6 - 3 - (-7 - -9).
-3
Calculate 1 - 0 - (-2 + 9 + -3).
-3
Calculate -20 + 16 - (-7 - -1) - 4.
-2
What is 26 + -35 - (-16 + -1)?
8
What is the value of 10 + -6 + (-4 - (-2 - 4))?
6
What is the value of 4 + 0 + 2 + 5 + -6?
5
What is the value of (-1 - (3 + -1)) + 2 + 5?
4
What is -2 + (0 - 5 - (0 + -9))?
2
What is the value of -8 - (-7 + -1 - -13 - 5)?
-8
Evaluate -3 + -1 + -2 + 5 + 1.
0
Evaluate 96 + -101 + (0 - -1).
-4
What is 4 - (3 + 1 + -5)?
5
Evaluate -6 + (11 - (5 + -9)).
9
Calculate 6 + -4 + 5 + -2 + -10.
-5
What is (-8 - -21) + (0 - -3) + -7?
9
What is 4 - -1 - (30 - 27)?
2
What is 1 + 7 + -16 + 13?
5
Evaluate -5 + 3 + -2 - (-43 - -36).
3
-1 - 2 - (124 - 126)
-1
What is the value of (-4 + 3 - 2) + (-4 - -2)?
-5
Evaluate 3 + -3 - 4 - -9.
5
Evaluate 4 - (2 - (5 + 2)).
9
Evaluate 0 + -9 + -31 + 36.
-4
(1 - -3) + (8 - (15 + -4))
1
Calculate -4 - (-2 + -7 + 3) - -5.
7
Calculate -1 - (-2 - (10 + -4)).
7
Calculate -7 - -1 - (9 + -14).
-1
What is -2 + 1 + 3 - (-2 + 2)?
2
-63 + 66 + -6 + -1
-4
Calculate 8 - (3 - -3) - (8 - 3).
-3
What is 0 + (11 - (8 - 1))?
4
What is -4 + (0 - -1 - (-18 + 17))?
-2
What is (-1 - 7) + (5 - 16) + 10?
-9
Evaluate 20 + -13 + (-2 - 0).
5
Calculate 14 - 6 - (3 + 3).
2
-2 + 0 + 3 + -1
0
(-10 - -1 - (-8 - -3)) + 5
1
What is the value of 0 + -15 + 12 + -4?
-7
(-9 - (-6 + 5)) + 4
-4
What is 1 - (3 + -1 - 5)?
4
Calculate (8 - -1) + (-17 - -5).
-3
Evaluate -3 - 3 - (1 - 5).
-2
Evaluate -3 - -2 - 3 - (3 + -3).
-4
Calculate -4 + (-9 + 12 - (1 + 1)).
-3
1 + -4 + (2 - 2)
-3
What is -10 + (16 - (9 - 1))?
-2
What is the value of -2 + (2 - (-6 - -5) - 3)?
-2
What is (-5 - -6) + -2 + 2 + 3?
4
What is the value of 8 - 5 - -2 - 12?
-7
Evaluate (-1 - 1) + 5 + (-7 - -4).
0
4 - ((3 - 7) + 13)
-5
Calculate -3 + 7 + (2 - 7).
-1
2 + (1 - (-1 - -4)) + 5
5
Calculate -1 - (6 + -15 - -7).
1
Calculate -10 - 1 - (16 - 22).
-5
-10 + 10 + (-6 - -13)
7
11 + 1 + -6 + (0 - 1)
5
Calculate -3 + (1 - 0) + (0 - -4).
2
What is the value of -12 + 6 + 8 - 7?
-5
Evaluate (-4 - 1) + (-17 - -23).
1
What is -5 - ((5 - 12) + (-2 - 1))?
5
What is the value of 10 - (26 - (8 - -2))?
-6
What is 9 - (-1 + 8) - 9?
-7
Calculate (6 - (18 + -6)) + 8.
2
(9 + 3 - (-2 + 8)) + 0
6
Evaluate -1 + 0 + -1 + 0.
-2
What is the value of -3 - (1 - (-5 + 3)) - -11?
5
What is -10 + -1 - (-11 + -2)?
2
Evaluate 2 + (-1 - -3) + -5 - -1.
0
Calculate 2 + (-5 - (3 - 9)).
3
What is 0 + -1 + (-3 - -2) + 0?
-2
What is -11 + 1 + (-61 - -67)?
-4
Evaluate (1 - 0 - 0) + (-15 - -12).
-2
Evaluate (-86 - -87) + 0 + 1.
2
Calculate 0 + 7 + (-4 - (7 - 0)).
-4
What is the value of (5 - (3 + 4)) + 5?
3
What is the value of (4 - 5) + (-5 - -6) + -1?
-1
Evaluate 8 - (-9 - (-3 + -13)).
1
-6 + -3 + 2 + 5
-2
Evaluate (-11 - -7) + (2 - -3) + -4.
-3
Evaluate (-5 - -12) + -15 + 0.
-8
-1 - (0 - 4) - 6
-3
What is the value of -3 - (-6 + 1 + 1)?
1
Calculate (22 - 15) + -9 + (3 - 0).
1
-3 - (-7 + -4 + 8) - -2
2
3 + -5 + (-1 - -3)
0
Calculate -1 - (0 + -1 + 1 + -2).
1
Evaluate -28 + 22 + 0 + 1.
-5
What is 1 - ((3 - 7) + 8)?
-3
Evaluate 63 + -57 + 1 + -1.
6
What is (-8 - -5) + -2 - -1?
-4
What is 7 + (-4 - (2 + -3)) + 1?
5
Evaluate 3 - (-3 + 0 + 2 - -5).
-1
What is -1 - (-1 - -6 - 6) - -4?
4
Evaluate -7 + (5 - 0) - (6 - 4).
-4
